{"id":19,"date":"2016-05-09T11:44:12","date_gmt":"2016-05-09T14:44:12","guid":{"rendered":"https:\/\/congresso.uepb.edu.br\/jonap\/?page_id=19"},"modified":"2016-08-29T20:32:44","modified_gmt":"2016-08-29T23:32:44","slug":"local","status":"publish","type":"page","link":"https:\/\/congresso.uepb.edu.br\/jonap\/local\/","title":{"rendered":"Local"},"content":{"rendered":"<p><strong>Local do Evento:<\/strong><\/p>\n<p><a href=\"https:\/\/www.google.com.br\/maps\/place\/Universidade+Estadual+da+Para%C3%ADba,+Campus+V\/@-7.1636439,-34.9084238,13z\/data=!4m5!3m4!1s0x7ace82d5b36e09f:0x21121ce8920898e!8m2!3d-7.1587099!4d-34.8734049\"><img loading=\"lazy\" decoding=\"async\" class=\"alignleft wp-image-147\" title=\"Click na imagem para ver o mapa completo\" src=\"https:\/\/congresso.uepb.edu.br\/jonap\/wp-content\/uploads\/sites\/4\/2016\/05\/jampa-300x232.jpg\" width=\"271\" height=\"210\" srcset=\"https:\/\/congresso.uepb.edu.br\/jonap\/wp-content\/uploads\/sites\/4\/2016\/05\/jampa-300x232.jpg 300w, https:\/\/congresso.uepb.edu.br\/jonap\/wp-content\/uploads\/sites\/4\/2016\/05\/jampa.jpg 724w\" sizes=\"auto, (max-width: 271px) 100vw, 271px\" \/><\/a>Universidade Estadual da Para\u00edba, Campus V<\/p>\n<p><strong>Endere\u00e7o:<\/strong> Rua Hor\u00e1cio Trajano de Oliveira, s\/n &#8211; Cristo Redentor,<\/p>\n<p>Jo\u00e3o Pessoa &#8211; PB, 58070-450<\/p>\n<p><span class=\"_xdb\"><strong>Telefone:<\/strong>\u00a0<\/span><span class=\"_Xbe _ZWk kno-fv\">(83) 3223-1138<\/span><\/p>\n<p>&nbsp;<\/p>\n<p><strong>E-mail:<\/strong>\u00a0<span style=\"color: #0000ff\">jornadadeadmpub@gmail.com<\/span><\/p>\n<p>&nbsp;<\/p>\n<p>&nbsp;<\/p>\n","protected":false},"excerpt":{"rendered":"<p>Local do Evento: Universidade Estadual da Para\u00edba, Campus V Endere\u00e7o: Rua Hor\u00e1cio Trajano de Oliveira, s\/n &#8211; Cristo Redentor, Jo\u00e3o Pessoa &#8211; PB, 58070-450 Telefone:\u00a0(83) 3223-1138 &nbsp; E-mail:\u00a0jornadadeadmpub@gmail.com &nbsp; &nbsp;<\/p>\n","protected":false},"author":1,"featured_media":0,"parent":0,"menu_order":0,"comment_status":"closed","ping_status":"closed","template":"","meta":{"footnotes":""},"class_list":["post-19","page","type-page","status-publish","hentry"],"_links":{"self":[{"href":"https:\/\/congresso.uepb.edu.br\/jonap\/wp-json\/wp\/v2\/pages\/19","targetHints":{"allow":["GET"]}}],"collection":[{"href":"https:\/\/congresso.uepb.edu.br\/jonap\/wp-json\/wp\/v2\/pages"}],"about":[{"href":"https:\/\/congresso.uepb.edu.br\/jonap\/wp-json\/wp\/v2\/types\/page"}],"author":[{"embeddable":true,"href":"https:\/\/congresso.uepb.edu.br\/jonap\/wp-json\/wp\/v2\/users\/1"}],"replies":[{"embeddable":true,"href":"https:\/\/congresso.uepb.edu.br\/jonap\/wp-json\/wp\/v2\/comments?post=19"}],"version-history":[{"count":18,"href":"https:\/\/congresso.uepb.edu.br\/jonap\/wp-json\/wp\/v2\/pages\/19\/revisions"}],"predecessor-version":[{"id":158,"href":"https:\/\/congresso.uepb.edu.br\/jonap\/wp-json\/wp\/v2\/pages\/19\/revisions\/158"}],"wp:attachment":[{"href":"https:\/\/congresso.uepb.edu.br\/jonap\/wp-json\/wp\/v2\/media?parent=19"}],"curies":[{"name":"wp","href":"https:\/\/api.w.org\/{rel}","templated":true}]}}