{"id":6,"date":"2016-05-09T11:35:54","date_gmt":"2016-05-09T14:35:54","guid":{"rendered":"https:\/\/congresso.uepb.edu.br\/jonap\/?page_id=6"},"modified":"2016-09-12T15:18:26","modified_gmt":"2016-09-12T18:18:26","slug":"trabalhos-academicos","status":"publish","type":"page","link":"https:\/\/congresso.uepb.edu.br\/jonap\/trabalhos-academicos\/","title":{"rendered":"Trabalhos Acad\u00eamicos"},"content":{"rendered":"<p style=\"text-align: justify\">O trabalho acad\u00eamico a ser apresentado na I Jornada Nacional de Administra\u00e7\u00e3o P\u00fablica\u00a0(JONAP) ter\u00e1 o formato de p\u00f4ster. Contudo, para a aprova\u00e7\u00e3o dessa modalidade de apresenta\u00e7\u00e3o\u00a0acima citada, depende da valida\u00e7\u00e3o, realizada pelos avaliadores, do envio de resumo para o e-mail <span style=\"color: #0000ff\">jornadadeadmpub@gmail.com<\/span>.<\/p>\n<p><strong>PRAZOS<\/strong><\/p>\n<ul>\n<li><span style=\"color: #0000ff\">Submiss\u00f5es de trabalhos at\u00e9 <span style=\"color: #ff0000\">12<\/span> de setembro de 2016!<\/span><\/li>\n<li><span style=\"color: #0000ff\">Divulga\u00e7\u00e3o no site do evento da lista de trabalhos aprovados: <span style=\"color: #ff0000\">16 <\/span>de setembro de 2016.<\/span><\/li>\n<li><span style=\"color: #0000ff\">Evento: 23 e 24 de setembro de 2016.<\/span><\/li>\n<\/ul>\n<p style=\"text-align: justify\">Os trabalhos aprovados ser\u00e3o publicados no site do evento em Anais online com ISSN. Ser\u00e3o\u00a0contempladas 10 (dez) \u00e1reas de trabalho no contexto da Administra\u00e7\u00e3o P\u00fablica, a saber:<\/p>\n<p>1 Gest\u00e3o P\u00fablica <strong>(GP1)<\/strong>;<\/p>\n<p>2 Qualidade em Servi\u00e7os <strong>(QS2)<\/strong>;<\/p>\n<p>3 Gest\u00e3o e Sustentabilidade <strong>(GS3)<\/strong>;<\/p>\n<p>4 Gest\u00e3o de Pessoas <strong>(GP4)<\/strong>;<\/p>\n<p>5 Gest\u00e3o Estrat\u00e9gica <strong>(GE5)<\/strong>;<\/p>\n<p>6 Gest\u00e3o de Projetos <strong>(GP6)<\/strong>;<\/p>\n<p>7 Gest\u00e3o da Inova\u00e7\u00e3o <strong>(GI7)<\/strong>;<\/p>\n<p>8 Gest\u00e3o da Informa\u00e7\u00e3o <strong>(GI8)<\/strong>;<\/p>\n<p>9 Gest\u00e3o Financeira <strong>(GF9)<\/strong>;<\/p>\n<p>10 Gest\u00e3o da Produ\u00e7\u00e3o <strong>(GP10)<\/strong>.<\/p>\n<p style=\"text-align: justify\">Podem enviar trabalhos, discentes regularmente matriculados e graduados (egressos) em\u00a0Administra\u00e7\u00e3o P\u00fablica e \u00e1reas afins, em conjunto com os seus orientadores, docentes\u00a0pertencentes \u00e0 Institui\u00e7\u00f5es de Ensino Superior (IESs), consultor, administrador e profissional\u00a0atuantes na \u00e1rea.<\/p>\n<p><strong>NORMAS PARA FORMATA\u00c7\u00c3O QUANTO AO RESUMO:<\/strong><\/p>\n<p style=\"text-align: justify\">Uso das seguintes Normas Brasileiras Registradas (NBRs)\u00a0da Associa\u00e7\u00e3o Brasileira de Normas\u00a0T\u00e9cnicas (ABNT):<\/p>\n<ul>\n<li>NBR 6022: 2003 &#8211; Artigo em documenta\u00e7\u00e3o peri\u00f3dica cient\u00edfica impressa;<\/li>\n<li>NBR 6028:\u00a02003 &#8211; Informa\u00e7\u00e3o e documenta\u00e7\u00e3o &#8211; Resumo &#8211; Apresenta\u00e7\u00e3o.<\/li>\n<li>NBR 6023: 2002 &#8211; Informa\u00e7\u00e3o e documenta\u00e7\u00e3o &#8211; Refer\u00eancias &#8211; Elabora\u00e7\u00e3o.<\/li>\n<\/ul>\n<p>Orienta\u00e7\u00e3o quanto ao encaminhamento do resumo:<\/p>\n<p style=\"text-align: justify\">O envio do texto \u00e9 mediante email: <span style=\"color: #0000ff\">jornadadeadmpub@gmail.com<\/span>. No campo assunto do e-mail, subscreva \u2013 INSCRI\u00c7\u00c3O COM TRABALHO;<\/p>\n<p>Toda a p\u00e1gina do arquivo enviado deve ser em letra Times New Roman, tamanho 12 e espa\u00e7o\u00a0simples;<\/p>\n<p>Aten\u00e7\u00e3o: uso de verbos no passado, na voz ativa e na terceira pessoa do singular;<\/p>\n<p>No texto, constar no cabe\u00e7alho a logomarca do evento;<\/p>\n<p>Na sequencia, informar:<\/p>\n<ul>\n<li style=\"text-align: justify\">o GT;<\/li>\n<li style=\"text-align: justify\">a modalidade de apresenta\u00e7\u00e3o &#8211; p\u00f4ster\/resumo. Ambos centralizados, negrito e\u00a0caixa baixa;<\/li>\n<li style=\"text-align: justify\">o t\u00edtulo do trabalho deve ser posto em centralizado, negrito e caixa alta. Se houver\u00a0subt\u00edtulo, deve ser centralizado, negrito e caixa baixa;<\/li>\n<li style=\"text-align: justify\">nome dos autores em negrito e em caixa baixa. No m\u00e1ximo, indicar at\u00e9 5 (cinco) autores.\u00a0Ap\u00f3s o nome de cada autor, ao lado, indicar o e-mail e a vincula\u00e7\u00e3o institucional (se\u00a0discente, docente, egresso, consultor, administrador e profissional atuantes na\u00a0Administra\u00e7\u00e3o P\u00fablica, seguida da institui\u00e7\u00e3o vinculada). Este item deve ter alinhamento\u00a0do tipo justificado;<\/li>\n<li style=\"text-align: justify\">em caixa alta e negrito, usar o termo &#8220;<strong>RESUMO<\/strong>&#8220;, seguido de &#8220;dois pontos&#8221;. Iniciar o texto\u00a0sem negrito com o limite entre 450 a 500 palavras. O texto deve ter alinhamento do tipo\u00a0justificado;<\/li>\n<li style=\"text-align: justify\">em caixa alta e negrito, usar o termo &#8220;<strong>PALAVRAS-CHAVE<\/strong>&#8220;, seguido de &#8220;dois pontos&#8221; e\u00a0alinhamento igualmente justificado. Indicar o m\u00e1ximo de 4 (quatro) palavras, separadas\u00a0entre si por um ponto e iniciadas com letra mai\u00fascula.<\/li>\n<li style=\"text-align: justify\">Quanto \u00e0 estrutura textual, o resumo deve constar: introdu\u00e7\u00e3o, objetivo,\u00a0fundamenta\u00e7\u00e3o te\u00f3rico, metodologia, instrumentos de coleta e os procedimentos de an\u00e1lise\u00a0dos dados, resultados\/discuss\u00f5es e considera\u00e7\u00f5es finais;<\/li>\n<\/ul>\n<p>\uf0b7 Quanto \u00e0 formata\u00e7\u00e3o:<\/p>\n<ul>\n<li>papel tamanho A4;<\/li>\n<li>margens superior e esquerda: 3 cm; margens inferior e direita: 2 cm;<\/li>\n<li>tipo de arquivo: Rich Text Format (.RTF);<\/li>\n<li>n\u00e3o utilizar notas de rodap\u00e9, abreviaturas e imagens digitais\u00a0(figuras,\u00a0quadros,\u00a0tabelas,\u00a0gr\u00e1ficos etc);<\/li>\n<li>se usar sigla, primeiro, indicar o termo por extenso e, depois, entre par\u00eantesis, a sigla.<\/li>\n<li>\n<p style=\"text-align: justify\">Ao final das &#8220;<strong>PALAVRAS-CHAVE<\/strong>&#8220;, incluir o termo &#8220;<strong>REFER\u00caNCIAS<\/strong>&#8220;, em negrito, caixa\u00a0alta e centralizado. Esta estrutura deve seguir a orienta\u00e7\u00e3o da NBR 6023: 2002 da ABNT.<\/p>\n<\/li>\n<\/ul>\n<p style=\"text-align: center\">[wpfilebase tag=fileurl id=95 linktext=&#8217;Baixe o modelo do resumo com as normas de formata\u00e7\u00e3o aqui.&#8217; \/]<\/p>\n<h3 style=\"text-align: justify\"><\/h3>\n<h3 style=\"text-align: justify\"><strong>COMISS\u00c3O CIENT\u00cdFICA<\/strong><\/h3>\n<p>Profa.\u00a0 Ma. Manuela Eug\u00eanio Maia &#8211;\u00a0<strong>Coordenadora Geral dos Grupos de Trabalho (GTS)<\/strong><\/p>\n<p><strong>Coordenadores dos GTS<\/strong><\/p>\n<p>Ma. Ana L\u00facia Carvalho de Souza<\/p>\n<p>Me. \u00a0Allan Carlos Alves<\/p>\n<p>Dra. Eliete Correia dos Santos<\/p>\n<p>Me. Igor Martins<\/p>\n<p><span lang=\"PT-BR\">Dr. <\/span><span lang=\"PT-BR\">Filipe Reis Melo<\/span><\/p>\n<p>&nbsp;<\/p>\n","protected":false},"excerpt":{"rendered":"<p>O trabalho acad\u00eamico a ser apresentado na I Jornada Nacional de Administra\u00e7\u00e3o P\u00fablica\u00a0(JONAP) ter\u00e1 o formato de p\u00f4ster. Contudo, para a aprova\u00e7\u00e3o dessa modalidade de apresenta\u00e7\u00e3o\u00a0acima citada, depende da valida\u00e7\u00e3o, realizada pelos avaliadores, do envio de resumo para o e-mail jornadadeadmpub@gmail.com. PRAZOS Submiss\u00f5es de trabalhos at\u00e9 12 de setembro de 2016! Divulga\u00e7\u00e3o no site do [&hellip;]<\/p>\n","protected":false},"author":1,"featured_media":0,"parent":0,"menu_order":0,"comment_status":"closed","ping_status":"closed","template":"","meta":{"footnotes":""},"class_list":["post-6","page","type-page","status-publish","hentry"],"_links":{"self":[{"href":"https:\/\/congresso.uepb.edu.br\/jonap\/wp-json\/wp\/v2\/pages\/6","targetHints":{"allow":["GET"]}}],"collection":[{"href":"https:\/\/congresso.uepb.edu.br\/jonap\/wp-json\/wp\/v2\/pages"}],"about":[{"href":"https:\/\/congresso.uepb.edu.br\/jonap\/wp-json\/wp\/v2\/types\/page"}],"author":[{"embeddable":true,"href":"https:\/\/congresso.uepb.edu.br\/jonap\/wp-json\/wp\/v2\/users\/1"}],"replies":[{"embeddable":true,"href":"https:\/\/congresso.uepb.edu.br\/jonap\/wp-json\/wp\/v2\/comments?post=6"}],"version-history":[{"count":24,"href":"https:\/\/congresso.uepb.edu.br\/jonap\/wp-json\/wp\/v2\/pages\/6\/revisions"}],"predecessor-version":[{"id":186,"href":"https:\/\/congresso.uepb.edu.br\/jonap\/wp-json\/wp\/v2\/pages\/6\/revisions\/186"}],"wp:attachment":[{"href":"https:\/\/congresso.uepb.edu.br\/jonap\/wp-json\/wp\/v2\/media?parent=6"}],"curies":[{"name":"wp","href":"https:\/\/api.w.org\/{rel}","templated":true}]}}

Trabalhos Acadêmicos

<p style="text-align: justify">O trabalho acadêmico a ser apresentado na I Jornada Nacional de Administração Pública (JONAP) terá o formato de pôster. Contudo, para a aprovação dessa modalidade de apresentação acima citada, depende da validação, realizada pelos avaliadores, do envio de resumo para o e-mail <span style="color: #0000ff">jornadadeadmpub@gmail.com</span>.</p>
<p><strong>PRAZOS</strong></p>
<ul>
<li><span style="color: #0000ff">Submissões de trabalhos até <span style="color: #ff0000">12</span> de setembro de 2016!</span></li>
<li><span style="color: #0000ff">Divulgação no site do evento da lista de trabalhos aprovados: <span style="color: #ff0000">16 </span>de setembro de 2016.</span></li>
<li><span style="color: #0000ff">Evento: 23 e 24 de setembro de 2016.</span></li>
</ul>
<p style="text-align: justify">Os trabalhos aprovados serão publicados no site do evento em Anais online com ISSN. Serão contempladas 10 (dez) áreas de trabalho no contexto da Administração Pública, a saber:</p>
<p>1 Gestão Pública <strong>(GP1)</strong>;</p>
<p>2 Qualidade em Serviços <strong>(QS2)</strong>;</p>
<p>3 Gestão e Sustentabilidade <strong>(GS3)</strong>;</p>
<p>4 Gestão de Pessoas <strong>(GP4)</strong>;</p>
<p>5 Gestão Estratégica <strong>(GE5)</strong>;</p>
<p>6 Gestão de Projetos <strong>(GP6)</strong>;</p>
<p>7 Gestão da Inovação <strong>(GI7)</strong>;</p>
<p>8 Gestão da Informação <strong>(GI8)</strong>;</p>
<p>9 Gestão Financeira <strong>(GF9)</strong>;</p>
<p>10 Gestão da Produção <strong>(GP10)</strong>.</p>
<p style="text-align: justify">Podem enviar trabalhos, discentes regularmente matriculados e graduados (egressos) em Administração Pública e áreas afins, em conjunto com os seus orientadores, docentes pertencentes à Instituições de Ensino Superior (IESs), consultor, administrador e profissional atuantes na área.</p>
<p><strong>NORMAS PARA FORMATAÇÃO QUANTO AO RESUMO:</strong></p>
<p style="text-align: justify">Uso das seguintes Normas Brasileiras Registradas (NBRs) da Associação Brasileira de Normas Técnicas (ABNT):</p>
<ul>
<li>NBR 6022: 2003 &#8211; Artigo em documentação periódica científica impressa;</li>
<li>NBR 6028: 2003 &#8211; Informação e documentação &#8211; Resumo &#8211; Apresentação.</li>
<li>NBR 6023: 2002 &#8211; Informação e documentação &#8211; Referências &#8211; Elaboração.</li>
</ul>
<p>Orientação quanto ao encaminhamento do resumo:</p>
<p style="text-align: justify">O envio do texto é mediante email: <span style="color: #0000ff">jornadadeadmpub@gmail.com</span>. No campo assunto do e-mail, subscreva – INSCRIÇÃO COM TRABALHO;</p>
<p>Toda a página do arquivo enviado deve ser em letra Times New Roman, tamanho 12 e espaço simples;</p>
<p>Atenção: uso de verbos no passado, na voz ativa e na terceira pessoa do singular;</p>
<p>No texto, constar no cabeçalho a logomarca do evento;</p>
<p>Na sequencia, informar:</p>
<ul>
<li style="text-align: justify">o GT;</li>
<li style="text-align: justify">a modalidade de apresentação &#8211; pôster/resumo. Ambos centralizados, negrito e caixa baixa;</li>
<li style="text-align: justify">o título do trabalho deve ser posto em centralizado, negrito e caixa alta. Se houver subtítulo, deve ser centralizado, negrito e caixa baixa;</li>
<li style="text-align: justify">nome dos autores em negrito e em caixa baixa. No máximo, indicar até 5 (cinco) autores. Após o nome de cada autor, ao lado, indicar o e-mail e a vinculação institucional (se discente, docente, egresso, consultor, administrador e profissional atuantes na Administração Pública, seguida da instituição vinculada). Este item deve ter alinhamento do tipo justificado;</li>
<li style="text-align: justify">em caixa alta e negrito, usar o termo &#8220;<strong>RESUMO</strong>&#8220;, seguido de &#8220;dois pontos&#8221;. Iniciar o texto sem negrito com o limite entre 450 a 500 palavras. O texto deve ter alinhamento do tipo justificado;</li>
<li style="text-align: justify">em caixa alta e negrito, usar o termo &#8220;<strong>PALAVRAS-CHAVE</strong>&#8220;, seguido de &#8220;dois pontos&#8221; e alinhamento igualmente justificado. Indicar o máximo de 4 (quatro) palavras, separadas entre si por um ponto e iniciadas com letra maiúscula.</li>
<li style="text-align: justify">Quanto à estrutura textual, o resumo deve constar: introdução, objetivo, fundamentação teórico, metodologia, instrumentos de coleta e os procedimentos de análise dos dados, resultados/discussões e considerações finais;</li>
</ul>
<p> Quanto à formatação:</p>
<ul>
<li>papel tamanho A4;</li>
<li>margens superior e esquerda: 3 cm; margens inferior e direita: 2 cm;</li>
<li>tipo de arquivo: Rich Text Format (.RTF);</li>
<li>não utilizar notas de rodapé, abreviaturas e imagens digitais (figuras, quadros, tabelas, gráficos etc);</li>
<li>se usar sigla, primeiro, indicar o termo por extenso e, depois, entre parêntesis, a sigla.</li>
<li>
<p style="text-align: justify">Ao final das &#8220;<strong>PALAVRAS-CHAVE</strong>&#8220;, incluir o termo &#8220;<strong>REFERÊNCIAS</strong>&#8220;, em negrito, caixa alta e centralizado. Esta estrutura deve seguir a orientação da NBR 6023: 2002 da ABNT.</p>
</li>
</ul>
<p style="text-align: center">[wpfilebase tag=fileurl id=95 linktext=&#8217;Baixe o modelo do resumo com as normas de formatação aqui.&#8217; /]</p>
<h3 style="text-align: justify"></h3>
<h3 style="text-align: justify"><strong>COMISSÃO CIENTÍFICA</strong></h3>
<p>Profa.  Ma. Manuela Eugênio Maia &#8211; <strong>Coordenadora Geral dos Grupos de Trabalho (GTS)</strong></p>
<p><strong>Coordenadores dos GTS</strong></p>
<p>Ma. Ana Lúcia Carvalho de Souza</p>
<p>Me.  Allan Carlos Alves</p>
<p>Dra. Eliete Correia dos Santos</p>
<p>Me. Igor Martins</p>
<p><span lang="PT-BR">Dr. </span><span lang="PT-BR">Filipe Reis Melo</span></p>
<p>&nbsp;</p>

<p>O trabalho acadêmico a ser apresentado na I Jornada Nacional de Administração Pública (JONAP) terá o formato de pôster. Contudo, para a aprovação dessa modalidade de apresentação acima citada, depende da validação, realizada pelos avaliadores, do envio de resumo para o e-mail jornadadeadmpub@gmail.com. PRAZOS Submissões de trabalhos até 12 de setembro de 2016! Divulgação no site do [&hellip;]</p>
